{"id":21,"date":"2020-03-30T14:02:28","date_gmt":"2020-03-30T12:02:28","guid":{"rendered":"https:\/\/orthopaedie-harlaching.de\/wp20\/?page_id=21"},"modified":"2021-02-24T08:43:44","modified_gmt":"2021-02-24T07:43:44","slug":"dr-med-dietmar-mueller","status":"publish","type":"page","link":"https:\/\/orthopaedie-harlaching.de\/wp20\/dr-med-dietmar-mueller\/","title":{"rendered":"Dr. med. Dietmar M\u00fcller"},"content":{"rendered":"<p><div class=\"fusion-fullwidth fullwidth-box fusion-builder-row-1 nonhundred-percent-fullwidth non-hundred-percent-height-scrolling\" style=\"background-color: rgba(255,255,255,0);background-position: center center;background-repeat: no-repeat;padding-top:0px;padding-right:0px;padding-bottom:0px;padding-left:0px;margin-bottom: 0px;margin-top: 0px;border-width: 0px 0px 0px 0px;border-color:#e2e2e2;border-style:solid;\" ><div class=\"fusion-builder-row fusion-row\"><div class=\"fusion-layout-column fusion_builder_column fusion-builder-column-0 fusion_builder_column_1_1 1_1 fusion-one-full fusion-column-first fusion-column-last\" style=\"margin-top:0px;margin-bottom:20px;\"><div class=\"fusion-column-wrapper fusion-flex-column-wrapper-legacy\" style=\"background-position:left top;background-repeat:no-repeat;-webkit-background-size:cover;-moz-background-size:cover;-o-background-size:cover;background-size:cover;padding: 0px 0px 0px 0px;\"><style type=\"text\/css\"><\/style><div class=\"fusion-title title fusion-title-1 fusion-sep-none fusion-title-text fusion-title-size-one\" style=\"margin-top:10px;margin-right:0px;margin-bottom:15px;margin-left:0px;\"><h1 class=\"title-heading-left\" style=\"margin:0;\">Dr. med. Dietmar M\u00fcller<\/h1><\/div><div class=\"fusion-clearfix\"><\/div><\/div><\/div><\/div><\/div><div class=\"fusion-fullwidth fullwidth-box fusion-builder-row-2 nonhundred-percent-fullwidth non-hundred-percent-height-scrolling\" style=\"background-color: rgba(255,255,255,0);background-position: center center;background-repeat: no-repeat;padding-top:0px;padding-right:0px;padding-bottom:0px;padding-left:0px;margin-bottom: 0px;margin-top: 0px;border-width: 0px 0px 0px 0px;border-color:#e2e2e2;border-style:solid;\" ><div class=\"fusion-builder-row fusion-row\"><div class=\"fusion-layout-column fusion_builder_column fusion-builder-column-1 fusion_builder_column_1_2 1_2 fusion-one-half fusion-column-first\" style=\"width:50%;width:calc(50% - ( ( 4% ) * 0.5 ) );margin-right: 4%;margin-top:0px;margin-bottom:20px;\"><div class=\"fusion-column-wrapper fusion-flex-column-wrapper-legacy\" style=\"background-position:left top;background-repeat:no-repeat;-webkit-background-size:cover;-moz-background-size:cover;-o-background-size:cover;background-size:cover;padding: 0px 0px 0px 0px;\"><div class=\"fusion-text fusion-text-1\"><p><img class=\"alignnone size-full wp-image-22\" src=\"https:\/\/orthopaedie-harlaching.de\/wp20\/wp-content\/uploads\/2020\/03\/Pa\u00dffoto_neu_2012-220x300-1.jpg\" alt=\"\" width=\"220\" height=\"300\" srcset=\"https:\/\/orthopaedie-harlaching.de\/wp20\/wp-content\/uploads\/2020\/03\/Pa\u00dffoto_neu_2012-220x300-1-200x273.jpg 200w, https:\/\/orthopaedie-harlaching.de\/wp20\/wp-content\/uploads\/2020\/03\/Pa\u00dffoto_neu_2012-220x300-1.jpg 220w\" sizes=\"(max-width: 220px) 100vw, 220px\" \/><\/p>\n<p>Dr. med. Dietmar M\u00fcller ist ein erfahrener Orthop\u00e4de und Unfallchirurg. Seine Schwerpunkte liegen in der Behandlung orthop\u00e4discher Beschwerden bei <strong>Kindern<\/strong> und der allgemeinen und interdisziplin\u00e4ren <strong>Behandlung und Abkl\u00e4rung komplexer orthop\u00e4discher Beschwerdebilder<\/strong>.<\/p>\n<p>Aber auch die Behandlung von Unf\u00e4llen sowie die orthop\u00e4dische Schmerzbehandlung liegen ihm am Herzen. Dr. med. Dietmar M\u00fcller ist \u00fcberzeugt von einem <strong>ganzheitlichen Ansatz<\/strong>. Daher legt er gro\u00dfen Wert auf die Erfassung aller Beschwerden und ist bestrebt, auch m\u00f6gliche andere Ursachen f\u00fcr ein Beschwerdebild zu bedenken (differentialdiagnostische Abkl\u00e4rung). Gegebenenfalls empfiehlt er sinnvolle weiterf\u00fchrende Untersuchungen.<\/p>\n<p>Nach \u00fcber einem Jahrzehnt, in dem eine bestehende Privatpraxis in Harlaching in Nebent\u00e4tigkeit gef\u00fchrt wurde und die Behandlung von gesetzlich Versicherten in Kooperation mit anderen Kollegen durchgef\u00fchrt wurde, stehen in der neuen <strong>Praxis am Tiroler Platz<\/strong> in M\u00fcnchen-Harlaching die M\u00f6glichkeiten f\u00fcr eine Rundum-Versorgung mit neuester Technik, Herz und Verstand zur Verf\u00fcgung.<\/p>\n<p>Dr. med. Dietmar M\u00fcller ist nicht nur durch seine praktische und operative Erfahrung fachlich auf dem neuesten Stand. Aufgrund seiner langj\u00e4hrigen T\u00e4tigkeit als <strong>Gutachter f\u00fcr Sozialversicherungstr\u00e4ger<\/strong> ist er kompetenter Ansprechpartner, wenn es um <strong>Beratung in Haftungsfragen, Betreuung und Begutachtung<\/strong> in Ihrem speziellen Sozialversicherungsfall geht.<\/p>\n<\/div><div class=\"fusion-clearfix\"><\/div><\/div><\/div><div class=\"fusion-layout-column fusion_builder_column fusion-builder-column-2 fusion_builder_column_1_2 1_2 fusion-one-half fusion-column-last\" style=\"width:50%;width:calc(50% - ( ( 4% ) * 0.5 ) );margin-top:0px;margin-bottom:20px;\"><div class=\"fusion-column-wrapper fusion-flex-column-wrapper-legacy\" style=\"background-position:left top;background-repeat:no-repeat;-webkit-background-size:cover;-moz-background-size:cover;-o-background-size:cover;background-size:cover;padding: 0px 0px 0px 0px;\"><div class=\"fusion-text fusion-text-2\"><p><b>Beruflicher Werdegang<\/b><\/p>\n<ul>\n<li><strong>1990 \u2013 1996<\/strong> Studium der Humanmedizin an der Albert-Ludwigs-Universit\u00e4t Freiburg i.Br. mit Studienaufenthalten in Wien, Montreal (Kanada), San Diego (USA) und Z\u00fcrich<\/li>\n<li><strong>1997 \u2013 1998<\/strong> Arzt im Praktikum an der Chirurgischen Klinik der Technischen Universit\u00e4t M\u00fcnchen, Klinikum Rechts der Isar<\/li>\n<li><strong>1998 \u2013 2003<\/strong> Facharztausbildung zum Facharzt f\u00fcr Orthop\u00e4die und Orthop\u00e4dische Chirurgie am Orthop\u00e4dischen Spital Wien-Speising (Prof. Dr. F. Grill), an der Klinik Schulthess Z\u00fcrich (Prof. Dr. A. Benini) sowie an der Wolfart-Klinik in M\u00fcnchen-Gr\u00e4felfing<\/li>\n<li><strong>2003 \u2013 2004<\/strong> Subspezialisierung auf Kinderorthop\u00e4die am Centre Hosp. Univ. Strasbourg (Prof. Clavert)<\/li>\n<li><strong>2004 \u2013 2006<\/strong> Doppelfacharztausbildung Orthop\u00e4die &amp; Unfallchirurgie am Krankenhaus M\u00fcnchen-Harlaching (Prof. Hertlein)<\/li>\n<li><strong>2004 \u2013 heute<\/strong> Orthop\u00e4dische Privatpraxis<\/li>\n<li><strong>2006 \u2013 2007<\/strong> Oberarzt der Kliniken Berchtesgadener Land<\/li>\n<li><strong>2013 \u2013 heute<\/strong> Orthop\u00e4dische Praxis f\u00fcr gesetzliche Versicherte Patienten<\/li>\n<li><strong>2013 \u2013 heute<\/strong> T\u00e4tigkeit als Gutachter f\u00fcr Sozialversicherungstr\u00e4ger<\/li>\n<\/ul>\n<p><b>Zusatzqualifikationen<\/b><\/p>\n<ul>\n<li>Chirotherapie (Bayerische Landes\u00e4rztekammer)<\/li>\n<li>Akupunktur A-Diplom<\/li>\n<li>Kinderorthop\u00e4die Diplom EFORT\/EPOS<\/li>\n<\/ul>\n<\/div><div class=\"fusion-clearfix\"><\/div><\/div><\/div><\/div><\/div><\/p>\n","protected":false},"excerpt":{"rendered":"","protected":false},"author":1,"featured_media":0,"parent":0,"menu_order":0,"comment_status":"closed","ping_status":"closed","template":"","meta":[],"yoast_head":"<!-- This site is optimized with the Yoast SEO plugin v16.1.1 - https:\/\/yoast.com\/wordpress\/plugins\/seo\/ -->\n<title>Dr. med. Dietmar M\u00fcller - Orthop\u00e4dische Praxis M\u00fcnchen-Harlaching<\/title>\n<link rel=\"canonical\" href=\"https:\/\/orthopaedie-harlaching.de\/wp20\/dr-med-dietmar-mueller\/\" \/>\n<meta property=\"og:locale\" content=\"de_DE\" \/>\n<meta property=\"og:type\" content=\"article\" \/>\n<meta property=\"og:title\" content=\"Dr. med. Dietmar M\u00fcller - Orthop\u00e4dische Praxis M\u00fcnchen-Harlaching\" \/>\n<meta property=\"og:url\" content=\"https:\/\/orthopaedie-harlaching.de\/wp20\/dr-med-dietmar-mueller\/\" \/>\n<meta property=\"og:site_name\" content=\"Orthop\u00e4dische Praxis M\u00fcnchen-Harlaching\" \/>\n<meta property=\"article:modified_time\" content=\"2021-02-24T07:43:44+00:00\" \/>\n<meta property=\"og:image\" content=\"https:\/\/orthopaedie-harlaching.de\/wp20\/wp-content\/uploads\/2020\/03\/Pa\u00dffoto_neu_2012-220x300-1.jpg\" \/>\n<meta name=\"twitter:card\" content=\"summary_large_image\" \/>\n<meta name=\"twitter:label1\" content=\"Gesch\u00e4tzte Lesezeit\">\n\t<meta name=\"twitter:data1\" content=\"7\u00a0Minuten\">\n<script type=\"application\/ld+json\" class=\"yoast-schema-graph\">{\"@context\":\"https:\/\/schema.org\",\"@graph\":[{\"@type\":\"WebSite\",\"@id\":\"https:\/\/orthopaedie-harlaching.de\/wp20\/#website\",\"url\":\"https:\/\/orthopaedie-harlaching.de\/wp20\/\",\"name\":\"Orthop\\u00e4dische Praxis M\\u00fcnchen-Harlaching\",\"description\":\"Dr. med. Dietmar M\\u00fcller\",\"potentialAction\":[{\"@type\":\"SearchAction\",\"target\":\"https:\/\/orthopaedie-harlaching.de\/wp20\/?s={search_term_string}\",\"query-input\":\"required name=search_term_string\"}],\"inLanguage\":\"de\"},{\"@type\":\"ImageObject\",\"@id\":\"https:\/\/orthopaedie-harlaching.de\/wp20\/dr-med-dietmar-mueller\/#primaryimage\",\"inLanguage\":\"de\",\"url\":\"https:\/\/orthopaedie-harlaching.de\/wp20\/wp-content\/uploads\/2020\/03\/Pa\\u00dffoto_neu_2012-220x300-1.jpg\",\"contentUrl\":\"https:\/\/orthopaedie-harlaching.de\/wp20\/wp-content\/uploads\/2020\/03\/Pa\\u00dffoto_neu_2012-220x300-1.jpg\",\"width\":220,\"height\":300},{\"@type\":\"WebPage\",\"@id\":\"https:\/\/orthopaedie-harlaching.de\/wp20\/dr-med-dietmar-mueller\/#webpage\",\"url\":\"https:\/\/orthopaedie-harlaching.de\/wp20\/dr-med-dietmar-mueller\/\",\"name\":\"Dr. med. Dietmar M\\u00fcller - Orthop\\u00e4dische Praxis M\\u00fcnchen-Harlaching\",\"isPartOf\":{\"@id\":\"https:\/\/orthopaedie-harlaching.de\/wp20\/#website\"},\"primaryImageOfPage\":{\"@id\":\"https:\/\/orthopaedie-harlaching.de\/wp20\/dr-med-dietmar-mueller\/#primaryimage\"},\"datePublished\":\"2020-03-30T12:02:28+00:00\",\"dateModified\":\"2021-02-24T07:43:44+00:00\",\"breadcrumb\":{\"@id\":\"https:\/\/orthopaedie-harlaching.de\/wp20\/dr-med-dietmar-mueller\/#breadcrumb\"},\"inLanguage\":\"de\",\"potentialAction\":[{\"@type\":\"ReadAction\",\"target\":[\"https:\/\/orthopaedie-harlaching.de\/wp20\/dr-med-dietmar-mueller\/\"]}]},{\"@type\":\"BreadcrumbList\",\"@id\":\"https:\/\/orthopaedie-harlaching.de\/wp20\/dr-med-dietmar-mueller\/#breadcrumb\",\"itemListElement\":[{\"@type\":\"ListItem\",\"position\":1,\"item\":{\"@type\":\"WebPage\",\"@id\":\"https:\/\/orthopaedie-harlaching.de\/wp20\/\",\"url\":\"https:\/\/orthopaedie-harlaching.de\/wp20\/\",\"name\":\"Startseite\"}},{\"@type\":\"ListItem\",\"position\":2,\"item\":{\"@type\":\"WebPage\",\"@id\":\"https:\/\/orthopaedie-harlaching.de\/wp20\/dr-med-dietmar-mueller\/\",\"url\":\"https:\/\/orthopaedie-harlaching.de\/wp20\/dr-med-dietmar-mueller\/\",\"name\":\"Dr. med. Dietmar M\\u00fcller\"}}]}]}<\/script>\n<!-- \/ Yoast SEO plugin. -->","_links":{"self":[{"href":"https:\/\/orthopaedie-harlaching.de\/wp20\/wp-json\/wp\/v2\/pages\/21"}],"collection":[{"href":"https:\/\/orthopaedie-harlaching.de\/wp20\/wp-json\/wp\/v2\/pages"}],"about":[{"href":"https:\/\/orthopaedie-harlaching.de\/wp20\/wp-json\/wp\/v2\/types\/page"}],"author":[{"embeddable":true,"href":"https:\/\/orthopaedie-harlaching.de\/wp20\/wp-json\/wp\/v2\/users\/1"}],"replies":[{"embeddable":true,"href":"https:\/\/orthopaedie-harlaching.de\/wp20\/wp-json\/wp\/v2\/comments?post=21"}],"version-history":[{"count":2,"href":"https:\/\/orthopaedie-harlaching.de\/wp20\/wp-json\/wp\/v2\/pages\/21\/revisions"}],"predecessor-version":[{"id":96,"href":"https:\/\/orthopaedie-harlaching.de\/wp20\/wp-json\/wp\/v2\/pages\/21\/revisions\/96"}],"wp:attachment":[{"href":"https:\/\/orthopaedie-harlaching.de\/wp20\/wp-json\/wp\/v2\/media?parent=21"}],"curies":[{"name":"wp","href":"https:\/\/api.w.org\/{rel}","templated":true}]}}