{"id":45,"date":"2020-03-30T14:17:20","date_gmt":"2020-03-30T12:17:20","guid":{"rendered":"https:\/\/orthopaedie-harlaching.de\/wp20\/?page_id=45"},"modified":"2020-03-30T14:19:27","modified_gmt":"2020-03-30T12:19:27","slug":"45-2","status":"publish","type":"page","link":"https:\/\/orthopaedie-harlaching.de\/wp20\/45-2\/","title":{"rendered":"Partner"},"content":{"rendered":"<p><div class=\"fusion-fullwidth fullwidth-box fusion-builder-row-1 nonhundred-percent-fullwidth non-hundred-percent-height-scrolling\" style=\"background-color: rgba(255,255,255,0);background-position: center center;background-repeat: no-repeat;padding-top:0px;padding-right:0px;padding-bottom:0px;padding-left:0px;margin-bottom: 0px;margin-top: 0px;border-width: 0px 0px 0px 0px;border-color:#e2e2e2;border-style:solid;\" ><div class=\"fusion-builder-row fusion-row\"><div class=\"fusion-layout-column fusion_builder_column fusion-builder-column-0 fusion_builder_column_1_1 1_1 fusion-one-full fusion-column-first fusion-column-last\" style=\"margin-top:0px;margin-bottom:20px;\"><div class=\"fusion-column-wrapper fusion-flex-column-wrapper-legacy\" style=\"background-position:left top;background-repeat:no-repeat;-webkit-background-size:cover;-moz-background-size:cover;-o-background-size:cover;background-size:cover;padding: 0px 0px 0px 0px;\"><style type=\"text\/css\"><\/style><div class=\"fusion-title title fusion-title-1 fusion-sep-none fusion-title-text fusion-title-size-one\" style=\"margin-top:10px;margin-right:0px;margin-bottom:15px;margin-left:0px;\"><h1 class=\"title-heading-left\" style=\"margin:0;\">Partner<\/h1><\/div><div class=\"fusion-clearfix\"><\/div><\/div><\/div><\/div><\/div><div class=\"fusion-fullwidth fullwidth-box fusion-builder-row-2 nonhundred-percent-fullwidth non-hundred-percent-height-scrolling\" style=\"background-color: rgba(255,255,255,0);background-position: center center;background-repeat: no-repeat;padding-top:0px;padding-right:0px;padding-bottom:0px;padding-left:0px;margin-bottom: 0px;margin-top: 0px;border-width: 0px 0px 0px 0px;border-color:#e2e2e2;border-style:solid;\" ><div class=\"fusion-builder-row fusion-row\"><div class=\"fusion-layout-column fusion_builder_column fusion-builder-column-1 fusion_builder_column_1_2 1_2 fusion-one-half fusion-column-first\" style=\"width:50%;width:calc(50% - ( ( 4% ) * 0.5 ) );margin-right: 4%;margin-top:0px;margin-bottom:20px;\"><div class=\"fusion-column-wrapper fusion-flex-column-wrapper-legacy\" style=\"background-position:left top;background-repeat:no-repeat;-webkit-background-size:cover;-moz-background-size:cover;-o-background-size:cover;background-size:cover;padding: 0px 0px 0px 0px;\"><div class=\"fusion-text fusion-text-1\"><p><b>Hinweis: <\/b>Gerne geben wir Ihnen Empfehlungen f\u00fcr \u00e4rztliche, medizinische und therapeutische Einrichtungen, mit denen wir gute Erfahrungen gemacht haben oder die uns Patienten weiterempfehlen. Als Patient haben Sie aber grunds\u00e4tzlich das Recht auf freie Arztwahl, das wir in keiner Weise einschr\u00e4nken m\u00f6chten. Gleiches gilt \u00fcbrigens auch f\u00fcr Therapeuten und Orthop\u00e4dietechniker.<\/p>\n<\/div><div class=\"fusion-clearfix\"><\/div><\/div><\/div><div class=\"fusion-layout-column fusion_builder_column fusion-builder-column-2 fusion_builder_column_1_2 1_2 fusion-one-half fusion-column-last\" style=\"width:50%;width:calc(50% - ( ( 4% ) * 0.5 ) );margin-top:0px;margin-bottom:20px;\"><div class=\"fusion-column-wrapper fusion-flex-column-wrapper-legacy\" style=\"background-position:left top;background-repeat:no-repeat;-webkit-background-size:cover;-moz-background-size:cover;-o-background-size:cover;background-size:cover;padding: 0px 0px 0px 0px;\"><div class=\"fusion-clearfix\"><\/div><\/div><\/div><\/div><\/div><\/p>\n","protected":false},"excerpt":{"rendered":"","protected":false},"author":1,"featured_media":0,"parent":0,"menu_order":0,"comment_status":"closed","ping_status":"closed","template":"","meta":[],"yoast_head":"<!-- This site is optimized with the Yoast SEO plugin v16.1.1 - https:\/\/yoast.com\/wordpress\/plugins\/seo\/ -->\n<title>Partner - Orthop\u00e4dische Praxis M\u00fcnchen-Harlaching<\/title>\n<link rel=\"canonical\" href=\"https:\/\/orthopaedie-harlaching.de\/wp20\/45-2\/\" \/>\n<meta property=\"og:locale\" content=\"de_DE\" \/>\n<meta property=\"og:type\" content=\"article\" \/>\n<meta property=\"og:title\" content=\"Partner - Orthop\u00e4dische Praxis M\u00fcnchen-Harlaching\" \/>\n<meta property=\"og:url\" content=\"https:\/\/orthopaedie-harlaching.de\/wp20\/45-2\/\" \/>\n<meta property=\"og:site_name\" content=\"Orthop\u00e4dische Praxis M\u00fcnchen-Harlaching\" \/>\n<meta property=\"article:modified_time\" content=\"2020-03-30T12:19:27+00:00\" \/>\n<meta name=\"twitter:card\" content=\"summary_large_image\" \/>\n<meta name=\"twitter:label1\" content=\"Gesch\u00e4tzte Lesezeit\">\n\t<meta name=\"twitter:data1\" content=\"5\u00a0Minuten\">\n<script type=\"application\/ld+json\" class=\"yoast-schema-graph\">{\"@context\":\"https:\/\/schema.org\",\"@graph\":[{\"@type\":\"WebSite\",\"@id\":\"https:\/\/orthopaedie-harlaching.de\/wp20\/#website\",\"url\":\"https:\/\/orthopaedie-harlaching.de\/wp20\/\",\"name\":\"Orthop\\u00e4dische Praxis M\\u00fcnchen-Harlaching\",\"description\":\"Dr. med. Dietmar M\\u00fcller\",\"potentialAction\":[{\"@type\":\"SearchAction\",\"target\":\"https:\/\/orthopaedie-harlaching.de\/wp20\/?s={search_term_string}\",\"query-input\":\"required name=search_term_string\"}],\"inLanguage\":\"de\"},{\"@type\":\"WebPage\",\"@id\":\"https:\/\/orthopaedie-harlaching.de\/wp20\/45-2\/#webpage\",\"url\":\"https:\/\/orthopaedie-harlaching.de\/wp20\/45-2\/\",\"name\":\"Partner - Orthop\\u00e4dische Praxis M\\u00fcnchen-Harlaching\",\"isPartOf\":{\"@id\":\"https:\/\/orthopaedie-harlaching.de\/wp20\/#website\"},\"datePublished\":\"2020-03-30T12:17:20+00:00\",\"dateModified\":\"2020-03-30T12:19:27+00:00\",\"breadcrumb\":{\"@id\":\"https:\/\/orthopaedie-harlaching.de\/wp20\/45-2\/#breadcrumb\"},\"inLanguage\":\"de\",\"potentialAction\":[{\"@type\":\"ReadAction\",\"target\":[\"https:\/\/orthopaedie-harlaching.de\/wp20\/45-2\/\"]}]},{\"@type\":\"BreadcrumbList\",\"@id\":\"https:\/\/orthopaedie-harlaching.de\/wp20\/45-2\/#breadcrumb\",\"itemListElement\":[{\"@type\":\"ListItem\",\"position\":1,\"item\":{\"@type\":\"WebPage\",\"@id\":\"https:\/\/orthopaedie-harlaching.de\/wp20\/\",\"url\":\"https:\/\/orthopaedie-harlaching.de\/wp20\/\",\"name\":\"Startseite\"}},{\"@type\":\"ListItem\",\"position\":2,\"item\":{\"@type\":\"WebPage\",\"@id\":\"https:\/\/orthopaedie-harlaching.de\/wp20\/45-2\/\",\"url\":\"https:\/\/orthopaedie-harlaching.de\/wp20\/45-2\/\",\"name\":\"Partner\"}}]}]}<\/script>\n<!-- \/ Yoast SEO plugin. -->","_links":{"self":[{"href":"https:\/\/orthopaedie-harlaching.de\/wp20\/wp-json\/wp\/v2\/pages\/45"}],"collection":[{"href":"https:\/\/orthopaedie-harlaching.de\/wp20\/wp-json\/wp\/v2\/pages"}],"about":[{"href":"https:\/\/orthopaedie-harlaching.de\/wp20\/wp-json\/wp\/v2\/types\/page"}],"author":[{"embeddable":true,"href":"https:\/\/orthopaedie-harlaching.de\/wp20\/wp-json\/wp\/v2\/users\/1"}],"replies":[{"embeddable":true,"href":"https:\/\/orthopaedie-harlaching.de\/wp20\/wp-json\/wp\/v2\/comments?post=45"}],"version-history":[{"count":2,"href":"https:\/\/orthopaedie-harlaching.de\/wp20\/wp-json\/wp\/v2\/pages\/45\/revisions"}],"predecessor-version":[{"id":54,"href":"https:\/\/orthopaedie-harlaching.de\/wp20\/wp-json\/wp\/v2\/pages\/45\/revisions\/54"}],"wp:attachment":[{"href":"https:\/\/orthopaedie-harlaching.de\/wp20\/wp-json\/wp\/v2\/media?parent=45"}],"curies":[{"name":"wp","href":"https:\/\/api.w.org\/{rel}","templated":true}]}}