{"id":47,"date":"2020-03-30T14:17:54","date_gmt":"2020-03-30T12:17:54","guid":{"rendered":"https:\/\/orthopaedie-harlaching.de\/wp20\/?page_id=47"},"modified":"2020-03-30T14:17:54","modified_gmt":"2020-03-30T12:17:54","slug":"links","status":"publish","type":"page","link":"https:\/\/orthopaedie-harlaching.de\/wp20\/links\/","title":{"rendered":"Links"},"content":{"rendered":"<div class=\"fusion-fullwidth fullwidth-box fusion-builder-row-1 nonhundred-percent-fullwidth non-hundred-percent-height-scrolling\" style=\"background-color: rgba(255,255,255,0);background-position: center center;background-repeat: no-repeat;padding-top:0px;padding-right:0px;padding-bottom:0px;padding-left:0px;margin-bottom: 0px;margin-top: 0px;border-width: 0px 0px 0px 0px;border-color:#e2e2e2;border-style:solid;\" ><div class=\"fusion-builder-row fusion-row\"><div class=\"fusion-layout-column fusion_builder_column fusion-builder-column-0 fusion_builder_column_1_2 1_2 fusion-one-half fusion-column-first\" style=\"width:50%;width:calc(50% - ( ( 4% ) * 0.5 ) );margin-right: 4%;margin-top:0px;margin-bottom:20px;\"><div class=\"fusion-column-wrapper fusion-flex-column-wrapper-legacy\" style=\"background-position:left top;background-repeat:no-repeat;-webkit-background-size:cover;-moz-background-size:cover;-o-background-size:cover;background-size:cover;padding: 0px 0px 0px 0px;\"><div class=\"fusion-text fusion-text-1\"><p><strong>Ausgew\u00e4hlte orthop\u00e4dische Kliniken:<\/strong><\/p>\n<p><a href=\"http:\/\/www.oss.at\" target=\"_blank\" rel=\"noopener noreferrer\">Orthop\u00e4disches Spital Wien-Speising<\/a><\/p>\n<p><a href=\"https:\/\/www.schulthess-klinik.ch\/de\/\" target=\"_blank\" rel=\"noopener noreferrer\">Schulthess-Klinik Z\u00fcrch<\/a><\/p>\n<p><a href=\"http:\/\/www.deutsches-Schulterzentrum.de\" target=\"_blank\" rel=\"noopener noreferrer\">ATOS Klinik M\u00fcnchen<\/a><\/p>\n<p><strong>Orthop\u00e4dische Gesellschaften und Vereinigungen:<\/strong><\/p>\n<p><a href=\"http:\/\/www.dgooc.de\/\" target=\"_blank\" rel=\"noopener noreferrer\">Deutsche Gesellschaft f\u00fcr Orthop\u00e4die und Orthop\u00e4dische Chirurgie e.V.<\/a><br \/>\n<a href=\"http:\/\/www.orthopaedics.or.at\/\" target=\"_blank\" rel=\"noopener noreferrer\">\u00d6sterreichische Gesellschaft f\u00fcr Orthop\u00e4die und orthop\u00e4dische Chirurgie<\/a><br \/>\n<a href=\"http:\/\/www.vso-ev.de\/\" target=\"_blank\" rel=\"noopener noreferrer\">Vereinigung s\u00fcddeutscher Orthop\u00e4den e. V.<\/a><br \/>\n<a href=\"http:\/\/www.kinderorthopaedie.org\/\" target=\"_blank\" rel=\"noopener noreferrer\">Vereinigung f\u00fcr Kinderorthop\u00e4die<\/a><br \/>\n<a href=\"http:\/\/www.uni-mainz.de\/forschung\/17242.php\" target=\"_blank\" rel=\"noopener noreferrer\">Gesellschaft f\u00fcr Orthop\u00e4die und Traumatologie<\/a><br \/>\n<a href=\"http:\/\/www.aaos.org\/\" target=\"_blank\" rel=\"noopener noreferrer\">Amerikanische othop\u00e4dische Gesellschaft (AAOS)<\/a><\/p>\n<p><strong>Weitere Informationsquellen f\u00fcr Patienten:<\/strong><\/p>\n<p><a href=\"http:\/\/www.aerztenetz-muenchen.de\/daten\/index.htm\" target=\"_blank\" rel=\"noopener noreferrer\">\u00c4rztenetz M\u00fcnchen<\/a><br \/>\n<a href=\"http:\/\/www.wiwi-treff.de\/home\/index.php?mainkatid=4&amp;ukatid=4&amp;sid=400&amp;artikelid=1817&amp;pagenr=0\" target=\"_blank\" rel=\"noopener noreferrer\">Weltweite Suche nach wissenschaftlichen Publikationen<\/a><br \/>\n<a href=\"http:\/\/www.uihealthcare.com\/topics\/medicaldepartments\/orthopaedics\/clubfeet\/forproviders\/clubfootgerman.html\" target=\"_blank\" rel=\"noopener noreferrer\">Klumpfu\u00dfbehandlung im virtuellen Kinderkrankenhaus<\/a><br \/>\n<a href=\"http:\/\/www.svoi-asoi.ch\/de\/index.php\" target=\"_blank\" rel=\"noopener noreferrer\">Informationen zur Glasknochen-Krankheit der schweizerischen Vereinigung<br \/>\nOsteogenesis Imperfecta<\/a><br \/>\n<a href=\"http:\/\/lernarchiv.bildung.hessen.de\/sek_i\/biologie\/themen\/mensch\/edu_1205519648.html\" target=\"_blank\" rel=\"noopener noreferrer\">Schnittbilder des Menschen<\/a><\/p>\n<p><a href=\"https:\/\/orthopaedie-harlaching.de\/wordpress\/wp-content\/uploads\/2016\/06\/disclaimer.pdf\" target=\"_blank\" rel=\"noopener noreferrer\">Haftungsausschluss (pdf)<\/a><\/p>\n<\/div><div class=\"fusion-clearfix\"><\/div><\/div><\/div><div class=\"fusion-layout-column fusion_builder_column fusion-builder-column-1 fusion_builder_column_1_2 1_2 fusion-one-half fusion-column-last\" style=\"width:50%;width:calc(50% - ( ( 4% ) * 0.5 ) );margin-top:0px;margin-bottom:20px;\"><div class=\"fusion-column-wrapper fusion-flex-column-wrapper-legacy\" style=\"background-position:left top;background-repeat:no-repeat;-webkit-background-size:cover;-moz-background-size:cover;-o-background-size:cover;background-size:cover;padding: 0px 0px 0px 0px;\"><div class=\"fusion-clearfix\"><\/div><\/div><\/div><\/div><\/div>\n","protected":false},"excerpt":{"rendered":"","protected":false},"author":1,"featured_media":0,"parent":0,"menu_order":0,"comment_status":"closed","ping_status":"closed","template":"","meta":[],"yoast_head":"<!-- This site is optimized with the Yoast SEO plugin v16.1.1 - https:\/\/yoast.com\/wordpress\/plugins\/seo\/ -->\n<title>Links - Orthop\u00e4dische Praxis M\u00fcnchen-Harlaching<\/title>\n<link rel=\"canonical\" href=\"https:\/\/orthopaedie-harlaching.de\/wp20\/links\/\" \/>\n<meta property=\"og:locale\" content=\"de_DE\" \/>\n<meta property=\"og:type\" content=\"article\" \/>\n<meta property=\"og:title\" content=\"Links - Orthop\u00e4dische Praxis M\u00fcnchen-Harlaching\" \/>\n<meta property=\"og:url\" content=\"https:\/\/orthopaedie-harlaching.de\/wp20\/links\/\" \/>\n<meta property=\"og:site_name\" content=\"Orthop\u00e4dische Praxis M\u00fcnchen-Harlaching\" \/>\n<meta name=\"twitter:card\" content=\"summary_large_image\" \/>\n<meta name=\"twitter:label1\" content=\"Gesch\u00e4tzte Lesezeit\">\n\t<meta name=\"twitter:data1\" content=\"3\u00a0Minuten\">\n<script type=\"application\/ld+json\" class=\"yoast-schema-graph\">{\"@context\":\"https:\/\/schema.org\",\"@graph\":[{\"@type\":\"WebSite\",\"@id\":\"https:\/\/orthopaedie-harlaching.de\/wp20\/#website\",\"url\":\"https:\/\/orthopaedie-harlaching.de\/wp20\/\",\"name\":\"Orthop\\u00e4dische Praxis M\\u00fcnchen-Harlaching\",\"description\":\"Dr. med. Dietmar M\\u00fcller\",\"potentialAction\":[{\"@type\":\"SearchAction\",\"target\":\"https:\/\/orthopaedie-harlaching.de\/wp20\/?s={search_term_string}\",\"query-input\":\"required name=search_term_string\"}],\"inLanguage\":\"de\"},{\"@type\":\"WebPage\",\"@id\":\"https:\/\/orthopaedie-harlaching.de\/wp20\/links\/#webpage\",\"url\":\"https:\/\/orthopaedie-harlaching.de\/wp20\/links\/\",\"name\":\"Links - Orthop\\u00e4dische Praxis M\\u00fcnchen-Harlaching\",\"isPartOf\":{\"@id\":\"https:\/\/orthopaedie-harlaching.de\/wp20\/#website\"},\"datePublished\":\"2020-03-30T12:17:54+00:00\",\"dateModified\":\"2020-03-30T12:17:54+00:00\",\"breadcrumb\":{\"@id\":\"https:\/\/orthopaedie-harlaching.de\/wp20\/links\/#breadcrumb\"},\"inLanguage\":\"de\",\"potentialAction\":[{\"@type\":\"ReadAction\",\"target\":[\"https:\/\/orthopaedie-harlaching.de\/wp20\/links\/\"]}]},{\"@type\":\"BreadcrumbList\",\"@id\":\"https:\/\/orthopaedie-harlaching.de\/wp20\/links\/#breadcrumb\",\"itemListElement\":[{\"@type\":\"ListItem\",\"position\":1,\"item\":{\"@type\":\"WebPage\",\"@id\":\"https:\/\/orthopaedie-harlaching.de\/wp20\/\",\"url\":\"https:\/\/orthopaedie-harlaching.de\/wp20\/\",\"name\":\"Startseite\"}},{\"@type\":\"ListItem\",\"position\":2,\"item\":{\"@type\":\"WebPage\",\"@id\":\"https:\/\/orthopaedie-harlaching.de\/wp20\/links\/\",\"url\":\"https:\/\/orthopaedie-harlaching.de\/wp20\/links\/\",\"name\":\"Links\"}}]}]}<\/script>\n<!-- \/ Yoast SEO plugin. -->","_links":{"self":[{"href":"https:\/\/orthopaedie-harlaching.de\/wp20\/wp-json\/wp\/v2\/pages\/47"}],"collection":[{"href":"https:\/\/orthopaedie-harlaching.de\/wp20\/wp-json\/wp\/v2\/pages"}],"about":[{"href":"https:\/\/orthopaedie-harlaching.de\/wp20\/wp-json\/wp\/v2\/types\/page"}],"author":[{"embeddable":true,"href":"https:\/\/orthopaedie-harlaching.de\/wp20\/wp-json\/wp\/v2\/users\/1"}],"replies":[{"embeddable":true,"href":"https:\/\/orthopaedie-harlaching.de\/wp20\/wp-json\/wp\/v2\/comments?post=47"}],"version-history":[{"count":1,"href":"https:\/\/orthopaedie-harlaching.de\/wp20\/wp-json\/wp\/v2\/pages\/47\/revisions"}],"predecessor-version":[{"id":48,"href":"https:\/\/orthopaedie-harlaching.de\/wp20\/wp-json\/wp\/v2\/pages\/47\/revisions\/48"}],"wp:attachment":[{"href":"https:\/\/orthopaedie-harlaching.de\/wp20\/wp-json\/wp\/v2\/media?parent=47"}],"curies":[{"name":"wp","href":"https:\/\/api.w.org\/{rel}","templated":true}]}}